 + 45, -4*l = l + j + 45. Let q = l - -13. List the prime factors of q.
2
Let q(p) = 2*p - 5. Let w be q(4). Suppose i - w*s + 0*s - 25 = 0, -4*i + 20 = 4*s. List the prime factors of i.
2, 5
Suppose -p = -2*p + 108. List the prime factors of p.
2, 3
Let x = 43 - -18. List the prime factors of x.
61
Suppose -5*j - 5*p + 271 = -j, 3*j - 212 = -2*p. What are the prime factors of j?
2, 37
Let p(j) = -2*j**3 - 5*j**2 + 3*j - 1. Let o be p(-4). Let a = -9 + o. Suppose 37 = 3*c + 4*v, -a - 1 = -5*c + 2*v. What are the prime factors of c?
7
Let x = -11 + 15. Let v be (10/(-3))/(x/(-6)). Let r = 11 - v. What are the prime factors of r?
2, 3
Suppose -9*u = 2*u - 4631. List the prime factors of u.
421
Let z(g) = g**3 - 4*g**2 + 2*g - 5. Let j be z(4). Let l(a) = 2*a + j + 3*a + 0*a - 4*a. What are the prime factors of l(5)?
2
Let x(p) = -p**2 - 6*p + 2. Suppose 0 = -4*n - 20, 4*f + 19 + 15 = -2*n. Let k be x(f). Suppose -k*w + 0*w + 16 = 0. What are the prime factors of w?
2
Let n = 5 + -6. Let o(i) = -3*i**3 - i**2 + i + 1. List the prime factors of o(n).
2
Suppose 2*b - 6 + 16 = 0. Let o(p) = -p**3 - 6*p**2 - 6*p. Let r be o(b). Suppose -r*i + 33 = -27. What are the prime factors of i?
2, 3
Suppose -j + 33 = 4*h, -4*j - 3*h + 62 = -h. What are the prime factors of j?
13
Suppose 4*u + 48 + 76 = 0. Let r = 46 + u. List the prime factors of r.
3, 5
Let n(m) = m**3 - 1. Let g be n(1). Suppose g = -3*u + 5*u. Suppose -4*r = 16, -3*q + u*q = 5*r - 13. What are the prime factors of q?
11
Let r(i) be the third derivative of 1/60*i**5 - 2*i**2 - 1/4*i**4 + 0*i - 5/6*i**3 + 0. What are the prime factors of r(9)?
2, 11
Let z(w) be the second derivative of w**5/20 + 7*w**4/12 - 2*w**3 - 7*w**2/2 + 2*w. What are the prime factors of z(-8)?
5
Let a(z) = -z - 2. Let t be a(-2). Let g = -6 - -9. Let n = g + t. List the prime factors of n.
3
Suppose -3*m = -5*u + 79, -3*m + 9 = -6*m. What are the prime factors of u?
2, 7
Let g(h) = -3*h - 3. Let d(f) = f**3 + 7*f**2 + 7*f + 1. Let b be d(-6). List the prime factors of g(b).
2, 3
Suppose 3*d = 8*d + 95. Let l = 27 + d. What are the prime factors of l?
2
Let n be -2 + 2 + -1 - 2. Let f be n - 0 - (-8 - -1). Suppose -f*v + 4 = -2*j, 10 = -4*j + 5*j + 2*v. What are the prime factors of j?
2
What are the prime factors of (-21)/66*-318 + 4/(-22)?
101
Suppose -4*o + 7 + 1 = 0. List the prime factors of o.
2
Let x = 106 - 61. Suppose -90 - x = -5*v. What are the prime factors of v?
3
Suppose 4*i = 5*q + 29, -q + 20 = -6*q - 5*i. Let l = 4 + -13. Let s = q - l. List the prime factors of s.
2
Let t(o) = 10*o**2 - 1. Let i be t(1). Suppose 2*w = i + 11. What are the prime factors of w?
2, 5
Suppose 7*r - 8*r = -16. List the prime factors of r.
2
Suppose 2*g = -g - 33. Let o = g - -15. Suppose -o*a + 24 = -4. List the prime factors of a.
7
Suppose 69 + 83 = 4*u. List the prime factors of u.
2, 19
Let v = -32 + 20. Let g be (7/(-4))/((-3)/v). Let c(m) = m**3 + 8*m**2 + 6*m - 4. List the prime factors of c(g).
3
Let p(b) be the second derivative of 5*b**3/6 - 3*b**2 - 2*b. List the prime factors of p(5).
19
Let z(m) = 5*m**2 - 2*m + 1. Let h be z(1). Suppose -c + 5*l - 20 = 0, -3*c + l + 0 = h. Suppose c = 5*n - 5 - 40. List the prime factors of n.
3
Let s(g) = 0 + 6*g**2 - 2*g + 0*g - 4 + 1. What are the prime factors of s(-2)?
5
Suppose 5*i + 6 = 2*i. Suppose -2*q - 4 = -t - 1, q = -4*t - 6. List the prime factors of q/i*1*15.
3, 5
Let n be (4/(-6) - -1)*114. Suppose 2*r - 4*r + n = 0. What are the prime factors of r?
19
Let h be ((-12)/(-7))/((-12)/(-42)). Suppose 0 = h*f - 11*f + 55. What are the prime factors of f?
11
Suppose -33 = 4*s - 7*s. Suppose 3*g + 8 = a - s, -3*a + 3*g + 45 = 0. What are the prime factors of a?
13
Suppose -5*j + 756 = j. What are the prime factors of j?
2, 3, 7
Let k be (-1)/(71/24 - 3). What are the prime factors of 110/8 + 6/k?
2, 7
Let v = 2 - 3. What are the prime factors of v*(2/1 + -6)?
2
Suppose n = -12 + 2. List the prime factors of ((-8)/n)/((-6)/(-105)).
2, 7
Let k = 8 - 6. List the prime factors of -2 + (4 - (-4)/k).
2
Let m(r) = 3 - 4 - 3*r - 6 - 2. Let q be m(-6). Let p(j) = j + 3. List the prime factors of p(q).
2, 3
Let y = -154 + 227. List the prime factors of y.
73
Let y = -4 + 19. Let i = -9 + y. List the prime factors of i.
2, 3
Suppose j - 5*u - 33 = 0, -j - 5*u + 2*u = -1. What are the prime factors of j?
13
Suppose 0 = 5*d - 2*g, -3*d = d + 4*g + 28. Let a be ((-92)/(-10))/(d/(-10)). List the prime factors of 1/2 + a/4.
2, 3
Let v = -19 + 17. What are the prime factors of 3 + -3 + 5 + v?
3
Let s = 2 + -2. Suppose s = -2*g - 4*r + 12, -g + 6 = -2*r - r. Let x(i) = i + 2. List the prime factors of x(g).
2
What are the prime factors of (2 + 2)*1 - 686/(-2)?
347
Suppose -2*k - 48 = -6*k. List the prime factors of k.
2, 3
Suppose 4*c - 118 = -22. Let x = c + -19. What are the prime factors of x?
5
Let z = 121 - 83. List the prime factors of z.
2, 19
Let x be -2 - (-1 + 2 - 3). Let y = 11 - x. What are the prime factors of y?
11
Let c(k) = 11*k - 41. List the prime factors of c(10).
3, 23
Suppose 0 = -5*a - 15, 2*u - u = -5*a - 15. Suppose -2*h - 28 + 108 = u. What are the prime factors of h?
2, 5
Let a = -3 + 5. Suppose -5*j - 5*b = 15, 15 = 5*b - a*b. List the prime factors of (6/j)/(6/(-96)).
2, 3
Suppose 4 = 4*f - 8. Suppose -52 = -7*a + f*a. List the prime factors of a.
13
Suppose -3*l = 49 - 217. List the prime factors of l.
2, 7
Suppose -2*a = 19 - 9, -3*a = 2*q - 285. What are the prime factors of q?
2, 3, 5
Let i be ((-20)/16)/(2/(-8)). Let w = 3 - i. List the prime factors of w - (2 + -7 - 0).
3
Suppose 2*w = -c + 12, 3*c - 6*w + 2*w - 46 = 0. What are the prime factors of c?
2, 7
Let d(u) = u**3 + 7*u**2 + 7*u + 5. Let p be d(-6). Let g = 4 + p. List the prime factors of 3 + (-1 + g - 2).
3
Let c be -1*3/9*0. Let w be (-1 - c)/(6/(-18)). Suppose -w*i + 9 = -0*i. List the prime factors of i.
3
What are the prime factors of 44 + 4/6*-3?
2, 3, 7
Let y = 7 - -21. List the prime factors of (-2)/y*-4*7.
2
What are the prime factors of (-5)/((-20)/(-12)) - -57?
2, 3
Suppose 6*g + 1582 = 20*g. What are the prime factors of g?
113
Suppose -5*x - 5*v = -15, 8 = 2*x + v + 2*v. Let k(g) = 18*g**3 + g**2 - g + 1. What are the prime factors of k(x)?
19
Let y(x) = -x**2 - x - 1. Let z(m) = -7*m**2 - 8*m - 4. Let k(d) = 6*y(d) - z(d). What are the prime factors of k(-7)?
3, 11
Let o = -15 - -5. Suppose -d - d + 32 = 0. Let u = d + o. List the prime factors of u.
2, 3
Let i = 107 - 25. What are the prime factors of i?
2, 41
Let j be 231/12 + 2/(-8). Suppose -5 = -2*r - j. Let h = r - -10. What are the prime factors of h?
3
Suppose 2*u + 9 + 7 = 0. What are the prime factors of (-49)/(-4) + (-6)/u?
13
What are the prime factors of -3 - (144/30)/((-3)/30)?
3, 5
Let k(z) = 14*z + 6. Let o = -17 - -20. List the prime factors of k(o).
2, 3
Let k(m) = m**3 - 2*m - 1. What are the prime factors of k(3)?
2, 5
Let k be 35/(-25) - 2/(-5). Let r(j) = -5*j**3 + 0*j**3 - j**3 + 1. What are the prime factors of r(k)?
7
Suppose -o - 2*g - 2*g = 13, -3*o = 3*g - 6. List the prime factors of o.
7
Let n = 13 - 19. Let t be 68/12 + 4/n. Suppose -5*z - 3 + 83 = t*o, -o = 2*z - 20. List the prime factors of o.
2, 3
Suppose -q - 5*r + 6 = 16, -5*q = -4*r - 66. List the prime factors of q.
2, 5
Let h = 80 - 88. Let j = 38 + -27. Let f = j + h. List the prime factors of f.
3
What are the prime factors of (-1)/10 + ((-3882)/(-20) - 1)?
193
Let a be (-1 - 1)*(-9 - 3). Suppose 3*v - a = -0*v. What are the prime factors of v?
2
Suppose 2*n + u - 15 = 0, -20 = -4*n + 5*u + 31. What are the prime factors of n*(-2 + (-33)/(-9))?
3, 5
Let v(w) = 3*w - 2. Let j be v(2). Let m(x) = x**2 - 6*x. Let l be m(6). Suppose 18 = j*h - l*h + 2*c, -4*c = h + 13. List the prime factors of h.
7
List the prime factors of -2 - (4 - (236 + -5)).
3, 5
Let c(z) = -5*z + 5 - 6*z + 18*z. Let j be c(5). Suppose -2*t - j = -4*t. What are the prime factors of t?
2, 5
Let a = -10 + 2. Let b be 25/(-4) + (-2)/(-8). Let q = b - a. What are the prime factors of q?
2
Let c(x) = -x**2 - 10*x + 3. List the prime factors of c(-7).
2, 3
Suppose o - 4 = -0*o. Suppose 0*a + 16 = o*a. What are the prime factors of a?
2
Suppose -2*w = -6*w. Let x(a) = -a